{"id":8444,"date":"2023-11-03T10:17:53","date_gmt":"2023-11-03T15:17:53","guid":{"rendered":"https:\/\/ingeniomayaguez.com\/propuesta\/?page_id=8444"},"modified":"2023-11-03T10:17:53","modified_gmt":"2023-11-03T15:17:53","slug":"aviso-legal","status":"publish","type":"page","link":"https:\/\/ingeniomayaguez.com\/inicio\/aviso-legal\/","title":{"rendered":"Aviso legal"},"content":{"rendered":"\t\t<div data-elementor-type=\"wp-page\" data-elementor-id=\"8444\" class=\"elementor elementor-8444\" data-elementor-post-type=\"page\">\n\t\t\t\t\t\t<section class=\"elementor-section elementor-top-section elementor-element elementor-element-ff6f89f elementor-section-boxed elementor-section-height-default elementor-section-height-default\" data-id=\"ff6f89f\" data-element_type=\"section\" data-e-type=\"section\">\n\t\t\t\t\t\t<div class=\"elementor-container elementor-column-gap-default\">\n\t\t\t\t\t<div class=\"elementor-column elementor-col-100 elementor-top-column elementor-element elementor-element-e6db923\" data-id=\"e6db923\" data-element_type=\"column\" data-e-type=\"column\">\n\t\t\t<div class=\"elementor-widget-wrap elementor-element-populated\">\n\t\t\t\t\t\t<div class=\"elementor-element elementor-element-d91af91 elementor-widget elementor-widget-spacer\" data-id=\"d91af91\" data-element_type=\"widget\" data-e-type=\"widget\" data-widget_type=\"spacer.default\">\n\t\t\t\t<div class=\"elementor-widget-container\">\n\t\t\t\t\t\t\t<div class=\"elementor-spacer\">\n\t\t\t<div class=\"elementor-spacer-inner\"><\/div>\n\t\t<\/div>\n\t\t\t\t\t\t<\/div>\n\t\t\t\t<\/div>\n\t\t\t\t\t<\/div>\n\t\t<\/div>\n\t\t\t\t\t<\/div>\n\t\t<\/section>\n\t\t\t\t<section class=\"elementor-section elementor-top-section elementor-element elementor-element-0e9111e elementor-section-boxed elementor-section-height-default elementor-section-height-default\" data-id=\"0e9111e\" data-element_type=\"section\" data-e-type=\"section\">\n\t\t\t\t\t\t<div class=\"elementor-container elementor-column-gap-default\">\n\t\t\t\t\t<div class=\"elementor-column elementor-col-50 elementor-top-column elementor-element elementor-element-46c9fb6\" data-id=\"46c9fb6\" data-element_type=\"column\" data-e-type=\"column\">\n\t\t\t<div class=\"elementor-widget-wrap elementor-element-populated\">\n\t\t\t\t\t\t<div class=\"elementor-element elementor-element-c9706f6 elementor-widget elementor-widget-image\" data-id=\"c9706f6\" data-element_type=\"widget\" data-e-type=\"widget\" data-widget_type=\"image.default\">\n\t\t\t\t<div class=\"elementor-widget-container\">\n\t\t\t\t\t\t\t\t\t\t\t\t\t\t\t<img decoding=\"async\" width=\"46\" height=\"3\" src=\"https:\/\/ingeniomayaguez.com\/inicio\/wp-content\/uploads\/2023\/09\/Vector-115.png\" class=\"attachment-large size-large wp-image-2543\" alt=\"\" \/>\t\t\t\t\t\t\t\t\t\t\t\t\t\t\t<\/div>\n\t\t\t\t<\/div>\n\t\t\t\t\t<\/div>\n\t\t<\/div>\n\t\t\t\t<div class=\"elementor-column elementor-col-50 elementor-top-column elementor-element elementor-element-5f5c3ec\" data-id=\"5f5c3ec\" data-element_type=\"column\" data-e-type=\"column\">\n\t\t\t<div class=\"elementor-widget-wrap elementor-element-populated\">\n\t\t\t\t\t\t<div class=\"elementor-element elementor-element-6019bb4 elementor-widget elementor-widget-heading\" data-id=\"6019bb4\" data-element_type=\"widget\" data-e-type=\"widget\" data-widget_type=\"heading.default\">\n\t\t\t\t<div class=\"elementor-widget-container\">\n\t\t\t\t\t<h2 class=\"elementor-heading-title elementor-size-default\">Aviso Legal\n\n<\/h2>\t\t\t\t<\/div>\n\t\t\t\t<\/div>\n\t\t\t\t\t<\/div>\n\t\t<\/div>\n\t\t\t\t\t<\/div>\n\t\t<\/section>\n\t\t\t\t<section class=\"elementor-section elementor-top-section elementor-element elementor-element-c328033 elementor-section-boxed elementor-section-height-default elementor-section-height-default\" data-id=\"c328033\" data-element_type=\"section\" data-e-type=\"section\">\n\t\t\t\t\t\t<div class=\"elementor-container elementor-column-gap-default\">\n\t\t\t\t\t<div class=\"elementor-column elementor-col-100 elementor-top-column elementor-element elementor-element-02395fc\" data-id=\"02395fc\" data-element_type=\"column\" data-e-type=\"column\">\n\t\t\t<div class=\"elementor-widget-wrap elementor-element-populated\">\n\t\t\t\t\t\t<div class=\"elementor-element elementor-element-c70a638 elementor-widget elementor-widget-text-editor\" data-id=\"c70a638\" data-element_type=\"widget\" data-e-type=\"widget\" data-widget_type=\"text-editor.default\">\n\t\t\t\t<div class=\"elementor-widget-container\">\n\t\t\t\t\t\t\t\t\t<p><strong>Copyright Mayag\u00fcez<\/strong><br \/>Reservados todos los derechos.<\/p><p><br \/>La Compa\u00f1\u00eda Mayag\u00fcez le autoriza copiar los documentos publicados por Mayag\u00fcez en la World Wide Web para uso no comercial dentro de su organizaci\u00f3n \u00fanicamente. En consideraci\u00f3n a esta autorizaci\u00f3n, usted acepta que cualquier copia de estos documentos que usted haga conservar\u00e1n todos los derechos de autor y otras noticias de propiedad aqu\u00ed contenidos.<\/p><p>Cada uno de los documentos publicados por Mayag\u00fcez en la World Wide Web puede contener noticias sobre productos propios e informaci\u00f3n de derechos de autor relacionada a cada documento.<\/p><p>Nada de lo contenido aqu\u00ed podr\u00e1 ser interpretado como un otorgamiento por implicaci\u00f3n, impedimento o de otro modo ninguna licencia o derecho bajo ninguna patente o marca comercial de Mayag\u00fcez o de cualquier tercero. Con excepci\u00f3n de lo expresamente previsto, lo contenido aqu\u00ed ser\u00e1 interpretado como un otorgamiento de cualquier licencia o derecho en virtud de cualquier derecho de autor de Mayag\u00fcez.<\/p><p>Tenga en cuenta que cualquier producto, proceso o tecnolog\u00eda en este documento pueden ser objeto de otros derechos de propiedad intelectual reservados por Mayag\u00fcez, y no se licencia por el presente documento.<\/p><p>Esta publicaci\u00f3n se proporciona \u00abTAL CUAL\u00bb sin garant\u00eda de ning\u00fan tipo, ya sea expresa o impl\u00edcita, incluyendo, pero sin limitarse a, las garant\u00edas impl\u00edcitas de comerciabilidad, idoneidad para un prop\u00f3sito particular o no infracci\u00f3n. Algunas jurisdicciones no permiten la exclusi\u00f3n de garant\u00edas impl\u00edcitas, por lo que la anterior exclusi\u00f3n puede no aplicarse a usted.<\/p><p>Mayag\u00fcez no asume ninguna responsabilidad por el uso o la interpretaci\u00f3n de la informaci\u00f3n contenida en este documento. Decisiones basadas en datos o informaci\u00f3n son responsabilidad de la persona.<\/p><p>Cualquier publicaci\u00f3n de Mayag\u00fcez puede incluir inexactitudes t\u00e9cnicas o errores tipogr\u00e1ficos. Los cambios pueden ser realizados peri\u00f3dicamente a estas publicaciones, estos cambios se incorporar\u00e1n en nuevas ediciones de estas publicaciones. Mayag\u00fcez puede hacer mejoras y\/o cambios en los productos y\/o programas descritos en estas publicaciones en cualquier momento sin previo aviso.<\/p><p>En caso de que cualquier espectador de un documento publicado por Mayag\u00fcez, responda con informaci\u00f3n, incluyendo retroalimentaci\u00f3n de datos, tales como: preguntas, comentarios, sugerencias o similares en relaci\u00f3n con el contenido de tal documento. Dicha informaci\u00f3n se considerar\u00e1 no confidencial y no obligar\u00e1 a Mayag\u00fcez de ninguna forma con respecto a dicha informaci\u00f3n y tendr\u00e1 libertad para reproducir, utilizar, divulgar y distribuir la informaci\u00f3n a otros sin limitaci\u00f3n. Adem\u00e1s, Mayag\u00fcez ser\u00e1 libre de usar cualquier idea, concepto, know-how o t\u00e9cnicas contenidas en dicha informaci\u00f3n para cualquier prop\u00f3sito, incluyendo pero no limitando al desarrollo, fabricaci\u00f3n y comercializaci\u00f3n de los productos que incorporen dicha informaci\u00f3n.<\/p><p>Mayag\u00fcez proporciona acceso a los datos internacionales de Mayag\u00fcez y por lo tanto, puede contener referencias o referencias cruzadas de los productos de Mayag\u00fcez, programas y servicios que no est\u00e1n anunciados en su pa\u00eds. Dicha referencia no implica que Mayag\u00fcez o una filial de Mayag\u00fcez o un distribuidor en su pa\u00eds pretenda anunciar tales productos, programas o servicios. Todas las acciones resultantes de una b\u00fasqueda de estos datos deben estar relacionadas con las soluciones utilizando s\u00f3lo productos, programas y servicios anunciados por Mayag\u00fcez o una filial de Mayag\u00fcez o un distribuidor en su pa\u00eds o una filial o el distribuidor en su pa\u00eds.<\/p>\t\t\t\t\t\t\t\t<\/div>\n\t\t\t\t<\/div>\n\t\t\t\t<div class=\"elementor-element elementor-element-87b50cd elementor-widget elementor-widget-spacer\" data-id=\"87b50cd\" data-element_type=\"widget\" data-e-type=\"widget\" data-widget_type=\"spacer.default\">\n\t\t\t\t<div class=\"elementor-widget-container\">\n\t\t\t\t\t\t\t<div class=\"elementor-spacer\">\n\t\t\t<div class=\"elementor-spacer-inner\"><\/div>\n\t\t<\/div>\n\t\t\t\t\t\t<\/div>\n\t\t\t\t<\/div>\n\t\t\t\t\t<\/div>\n\t\t<\/div>\n\t\t\t\t\t<\/div>\n\t\t<\/section>\n\t\t\t\t<\/div>\n\t\t","protected":false},"excerpt":{"rendered":"<p>Aviso Legal Copyright Mayag\u00fcezReservados todos los derechos. La Compa\u00f1\u00eda Mayag\u00fcez le autoriza copiar los documentos publicados por Mayag\u00fcez en la World Wide Web para uso no comercial dentro de su organizaci\u00f3n \u00fanicamente. En consideraci\u00f3n a esta autorizaci\u00f3n, usted acepta que cualquier copia de estos documentos que usted haga conservar\u00e1n todos los derechos de autor y [&hellip;]<\/p>\n","protected":false},"author":1,"featured_media":0,"parent":0,"menu_order":0,"comment_status":"closed","ping_status":"closed","template":"","meta":{"footnotes":""},"class_list":["post-8444","page","type-page","status-publish","hentry"],"_links":{"self":[{"href":"https:\/\/ingeniomayaguez.com\/inicio\/wp-json\/wp\/v2\/pages\/8444","targetHints":{"allow":["GET"]}}],"collection":[{"href":"https:\/\/ingeniomayaguez.com\/inicio\/wp-json\/wp\/v2\/pages"}],"about":[{"href":"https:\/\/ingeniomayaguez.com\/inicio\/wp-json\/wp\/v2\/types\/page"}],"author":[{"embeddable":true,"href":"https:\/\/ingeniomayaguez.com\/inicio\/wp-json\/wp\/v2\/users\/1"}],"replies":[{"embeddable":true,"href":"https:\/\/ingeniomayaguez.com\/inicio\/wp-json\/wp\/v2\/comments?post=8444"}],"version-history":[{"count":0,"href":"https:\/\/ingeniomayaguez.com\/inicio\/wp-json\/wp\/v2\/pages\/8444\/revisions"}],"wp:attachment":[{"href":"https:\/\/ingeniomayaguez.com\/inicio\/wp-json\/wp\/v2\/media?parent=8444"}],"curies":[{"name":"wp","href":"https:\/\/api.w.org\/{rel}","templated":true}]}}